(a) = -7397*a**2 + 1716107*a - 703. Give v(232).
-7
Let t(b) = b**3 - 721*b**2 - 8077*b + 18431. Calculate t(732).
131
Let b(k) = -k**3 - 4*k**2 + 166*k + 624. Give b(-13).
-13
Let g(j) = j**3 - 62*j**2 - 620*j - 978. Determine g(-2).
6
Let f(b) = -14*b**2 + 6297*b + 370. Give f(0).
370
Let s(c) = 5179*c**2 + 217519*c + 39. Calculate s(-42).
-3
Let c(o) = 1560*o**2 + 165362*o + 205. Determine c(-106).
-7
Let l(i) = -440330*i - 6164613. Give l(-14).
7
Let z(l) = l**2 + 69*l - 1783. Give z(20).
-3
Let r(n) = -n**2 - 142*n - 908. Determine r(-118).
1924
Let z(b) = 5788*b + 173442. Determine z(-30).
-198
Let q(k) = -169460*k**2 - 1016747*k + 65. Calculate q(-6).
-13
Let w(c) = 20265*c - 101476. Give w(5).
-151
Let b(c) = 4674*c**2 + 2664180*c + 2. Determine b(-570).
2
Let h(a) = -39*a**3 + 104*a**2 - 8*a + 7. Calculate h(2).
95
Let j(h) = 1561*h + 202933. Determine j(-130).
3
Let s(m) = 90*m**3 + 88112*m**2 + 1958*m - 7. Determine s(-979).
-7
Let y(s) = 49*s**2 - 342*s - 1497. Give y(10).
-17
Let t(h) = h**2 + 15768*h + 9042509. Give t(-596).
-3
Let i(b) = 128*b + 622. Give i(-11).
-786
Let b(d) = 9641*d - 347169. Calculate b(36).
-93
Let g(x) = -12433*x - 86599. What is g(-7)?
432
Let m(a) = 2256*a - 3. Give m(0).
-3
Let s(g) = -1663*g - 24069. What is s(-13)?
-2450
Let v(m) = -m**2 - 24*m + 32979. Give v(-194).
-1
Let j(m) = -14*m**2 + 2362*m - 1677. What is j(168)?
3
Let q(y) = -y**3 - 14*y**2 - 312*y - 297. What is q(-1)?
2
Let y(k) = -7*k**2 + 265*k - 357. Give y(39).
-669
Let x(w) = -27*w**2 + 89*w - 2. Calculate x(5).
-232
Let m(d) = 766*d + 8857. Determine m(-12).
-335
Let b(g) = 188751*g + 1887510. Calculate b(-10).
0
Let f(r) = -r**3 - 775*r**2 - 15832*r + 1791. Give f(-754).
283
Let y(v) = v**2 - 1144*v + 119973. What is y(117)?
-186
Let c(p) = p**3 - 2119*p**2 + 1029225*p - 11319. What is c(754)?
-9
Let q(n) = -5*n**2 + 58*n - 6. Give q(20).
-846
Let m(j) = 381613*j - 381604. Determine m(1).
9
Let u(j) = -j**3 + 32*j**2 - 344. Give u(15).
3481
Let s(z) = 30*z**2 - 16383*z - 14778. Give s(547).
-9
Let v(t) = 26572*t + 903383. Calculate v(-34).
-65
Let u(x) = 63*x**2 - 1741*x - 2398. Determine u(29).
96
Let q(g) = 28*g**2 + 626*g - 409. Determine q(-23).
5
Let q(n) = 43523*n + 15798825. Give q(-363).
-24
Let r(j) = 262*j**2 + 58180*j + 3593. Calculate r(-222).
41
Let o(w) = -229200*w + 1604463. Give o(7).
63
Let z(k) = -123*k + 1599. What is z(19)?
-738
Let z(n) = n**3 + 223*n**2 + 671*n + 2253. Calculate z(-220).
-167
Let h(x) = 5*x**2 - 1085*x + 2375. Calculate h(216).
1295
Let s(n) = 2*n**3 + 309*n**2 - 42023*n + 171. Calculate s(87).
-3
Let z(o) = 204*o + 3576. Determine z(-15).
516
Let n(d) = 71*d**2 + 777*d - 4224. Determine n(-15).
96
Let v(t) = -60681*t - 121361. Determine v(-2).
1
Let f(n) = -25*n**2 + 3430*n + 24473. Calculate f(144).
-7
Let f(b) = -b**2 - 1279*b + 180104. What is f(128)?
8
Let q(m) = 1850*m - 14718. Give q(8).
82
Let p(d) = -213718*d + 2564613. Give p(12).
-3
Let k(u) = 769*u**2 + 6920*u + 10. Give k(-9).
19
Let w(g) = -26*g**2 - 16688*g + 2566. Calculate w(-642).
-2
Let u(k) = -576*k + 3666. Determine u(7).
-366
Let l(g) = -5*g**3 - 73*g**2 + 41*g + 240. Give l(-15).
75
Let p(b) = -b**2 + 534*b - 60386. Calculate p(371).
87
Let j(p) = 98*p**2 - 13524*p - 33. Determine j(138).
-33
Let l(k) = -1400*k + 48955. Give l(35).
-45
Let t(f) = f**3 + 61*f**2 + 889*f - 186. Determine t(-38).
-756
Let m(n) = -94*n**3 - 151*n**2 - 8*n - 13. Determine m(-2).
151
Let q(u) = -1576*u**2 - 1688*u - 30. What is q(-1)?
82
Let h(c) = -407*c - 38670. Determine h(-94).
-412
Let h(u) = -167*u + 13058. Determine h(78).
32
Let m(o) = -3*o**3 + 794*o**2 - 536*o + 2619. What is m(264)?
507
Let m(w) = -198*w + 3467. Calculate m(18).
-97
Let z(x) = 393*x + 960. What is z(0)?
960
Let y(q) = -2*q**3 + 25*q**2 + 28*q - 189. Give y(-3).
6
Let c(l) = 88701*l + 3725437. Give c(-42).
-5
Let z(w) = w**3 + 521*w**2 - 8578*w - 214. Calculate z(16).
10
Let q(j) = 179134*j + 3582675. Give q(-20).
-5
Let l(u) = 2*u**3 - 276*u**2 - 7401*u + 152. Calculate l(-23).
37
Let d(z) = 22582*z + 6503620. Give d(-288).
4
Let x(s) = -158*s + 29130. Calculate x(170).
2270
Let r(p) = -7*p**3 - 105*p**2 - 48*p + 685. What is r(-14)?
-15
Let k(h) = -h**3 + 91*h**2 - 97*h + 579. Give k(90).
-51
Let s(q) = 91*q - 10437. Give s(112).
-245
Let o(q) = -2*q**3 + 481*q**2 - 745*q + 6733. Determine o(239).
41
Let z(m) = m**3 + 30*m**2 - 41*m + 294. Calculate z(-33).
-1620
Let y(o) = -4*o**2 - 419*o + 5557. Calculate y(13).
-566
Let i(g) = 2*g**3 - 616*g**2 - 615*g - 906. Calculate i(309).
21
Let z(t) = -t**3 - 30*t**2 - 1277*t - 24. Determine z(0).
-24
Let v(j) = 1738*j - 59038. Give v(34).
54
Let p(s) = -504*s + 12920. Determine p(26).
-184
Let u(n) = -163*n**2 + 767*n - 32. Calculate u(4).
428
Let n(g) = 136*g + 28082. Determine n(-207).
-70
Let f(s) = 111*s - 1663. Give f(4).
-1219
Let b(f) = -28981*f - 144957. Calculate b(-5).
-52
Let x(v) = 407*v + 15635. Calculate x(-39).
-238
Let i(k) = -3*k**2 + 5061*k + 56040. What is i(-11)?
6
Let l(a) = a**3 + 17*a**2 + 82*a + 634. Give l(-7).
550
Let o(r) = -r**3 + 58*r**2 + 85*r + 14498. Calculate o(63).
8
Let a(c) = 36*c**3 - 434*c**2 - 7. Determine a(12).
-295
Let p(h) = -h**2 - 10871*h - 217103. Calculate p(-20).
-83
Let p(g) = 25*g**3 + 391*g**2 - 143*g - 3. What is p(-16)?
-19
Let q(o) = -10782*o + 86307. What is q(8)?
51
Let z(q) = 10*q**2 + 2233*q - 17853. Determine z(8).
651
Let r(d) = -d**3 + 41*d**2 + 1689*d - 64926. Determine r(48).
18
Let h(j) = -252*j**2 + 4779*j + 360. Determine h(19).
189
Let z(v) = -41*v**3 - 246*v**2 - 286*v - 1743. Give z(-6).
-27
Let c(l) = -222*l**3 + 3*l**2 - 29*l - 30. Give c(-1).
224
Let w(u) = -36*u + 3456. What is w(96)?
0
Let k(j) = -762*j + 6883. Determine k(9).
25
Let i(w) = -1067*w + 86450. Give i(81).
23
Let g(r) = -1350*r + 786. Give g(2).
-1914
Let y(a) = -10*a**2 - 1050*a + 3244. Calculate y(3).
4
Let f(v) = -2*v**2 + 22373. Determine f(106).
-99
Let f(p) = 213*p - 1601. Give f(7).
-110
Let q(y) = 127446*y - 31606608. What is q(248)?
0
Let a(n) = 11759286*n - 35277853. What is a(3)?
5
Let u(v) = v**3 - 19*v**2 + 501*v - 6316. Give u(13).
-817
Let a(q) = -3*q**3 - 8*q**2 + 437*q - 2150. Determine a(5).
-540
Let b(h) = -4*h**2 - 873*h - 27461. Give b(-38).
-63
Let p(h) = -16285*h + 3126724. Determine p(192).
4
Let g(b) = b**3 - 453*b**2 + 1273*b + 33870. What is g(450)?
-780
Let b(r) = 14*r**2 - 327*r - 28. Determine b(23).
-143
Let r(s) = -3*s**2 - 1471*s - 14420. Calculate r(-10).
-10
Let r(n) = -13*n**2 - 242*n - 1144. Determine r(-8).
-40
Let t(p) = -3*p**2 + 190756*p - 4385809. Give t(23).
-8
Let v(s) = -30*s**2 + 25*s + 1916. Determine v(9).
-289
Let y(k) = 1132629*k + 13591548. Determine y(-12).
0
Let a(w) = 10*w**3 - 2464*w**2 - 1430*w - 12839. Give a(247).
5
Let k(f) = -f**3 + 184*f**2 - 505*f + 58991. Determine k(183).
65
Let z(s) = -2*s**3 - 23*s**2 + 19*s + 506. Calculate z(-8).
-94
Let i(h) = 203*h**2 + 23549*h + 88. What is i(-116)?
-28
Let n(a) = -46*a**2 - 16*a + 5394. What is n(-11)?
4
Let k(j) = j**3 - 71*j**2 + 1476*j - 9390. What is k(13)?
-4
Let k(w) = w**3 - 71*w**2 - 151*w - 21. Determine k(73).
-386
Let u(l) = -2*l**2 - 860*l - 87272. Give u(-164).
-24
Let a(s) = s**3 - 37*s**2 - 478*s + 15. Give a(-10).
95
Let j(m) = -3*m**2 - 273*m + 415. Give j(-89).
949
Let o(n) = -n**2 + 783*n + 5515. Calculate o(-7).
-15
Let l(q) = -2*q**3 - 69*q**2 - 71*q + 1370. Determine l(-34).
2628
Let a(k) = k**3 - 312*k**2 - 954*k + 2839. Calculate a(315).
4
Let k(s) = 3853*s - 620314. Calculate k(161).
19
Let m(v) = -v**3 + 10*v**2 + 331*v - 2030. What is m(6)?
100
Let a(p) = p**3 + 123*p**2 - 14*p - 2632. Determine a(-123).
-910
Let s(r) = -r**3 - 37*r**2 + 2482*r - 2788. Give s(-72).
-52
Let x(w) = 98*w**2 - 159*w + 330. Give x(2).
404
Let r(d) = -862*d + 2747. Give r(2).
1023
Let c(s) = -s**2 + 135*s + 5839. Calculate c(172).
-525
Let d(i) = 4824*i + 111296. Give d(-23).
344
Let a(c) = c**3 - 56*c**2 + 78*c + 334. Calculate a(55).
1599
Let q(h) = h**3 + 48*h**2 - 2212*h - 316. Determine q(29).
293
Let n(y) = -6779*y - 33948. What is n(-5)?
-53
Let l(w) = -31*w**3 - 7*w**2 - 2721*w - 5423. Give l(-2).
239
Let z(y) = y**3 - 58*y**2 - 58*y + 30. Give z(59).
89
Let u(s) = 3